vert -c45850 (base 14) to base 7.
-110202530
What is 20224442 (base 5) in base 3?
22100110212
What is -5123420 (base 6) in base 4?
-323223210
Convert -128145 (base 9) to base 13.
-29738
What is -10120222200220 (base 3) in base 12?
-780920
What is -332158 (base 9) in base 14?
-52450
Convert 2716a02 (base 11) to base 2.
10001111010000100101110
What is -1329412 (base 11) in base 9?
-4280145
What is 145067 (base 13) in base 6?
14351035
Convert -31341123 (base 5) to base 3.
-111022110010
Convert 278a47 (base 15) to base 11.
108a373
Convert 2303033130 (base 4) to base 9.
1338076
What is 122359 (base 10) in base 14?
3283d
-3923649 (base 10) to base 4
-32331323001
What is -242233 (base 12) in base 2?
-10001110101011000111
What is -125432600 (base 7) in base 9?
-16167505
What is -1120211212200 (base 3) in base 2?
-11001101111001100011
Convert 12454217 (base 9) to base 15.
80cad1
17c5 (base 13) to base 10
3541
What is -113a085 (base 11) in base 10?
-1989938
What is 12044410 (base 5) in base 15?
234da
Convert 147b5a (base 13) to base 12.
203002
What is 571725 (base 12) in base 9?
2551512
Convert -b6692 (base 12) to base 3.
-110011110002
What is -1048b6 (base 13) in base 8?
-1351216
-201220220122 (base 3) to base 10
-392138
What is -2eaaa4 (base 16) in base 11?
-17a985a
23c574 (base 14) to base 3
2022020020220
91c28 (base 16) to base 15
bbd72
-263465 (base 13) to base 12
-3851b2
Convert -339 (base 11) to base 12.
-299
Convert 271011a (base 12) to base 16.
7605a6
5b3368 (base 12) to base 5
334243302
1247782 (base 13) to base 11
32437a8
Convert -5451421 (base 10) to base 14.
-a1c953
What is -310771 (base 12) in base 7?
-6350005
Convert 621362 (base 7) to base 14.
2a9a2
11011010110001 (base 2) to base 3
201012120
What is 2f0b47 (base 16) in base 14?
5a37dd
Convert -12421014 (base 5) to base 11.
-84674
Convert a978 (base 14) to base 9.
44176
2894331 (base 10) to base 14
554add
-5537057 (base 10) to base 2
-10101000111110100100001
560545 (base 8) to base 11
119912
131233231030 (base 4) to base 3
112200011021021
4119c (base 15) to base 2
110010010110100111
Convert -2057438 (base 12) to base 7.
-102515222
Convert -b662 (base 16) to base 5.
-2443230
Convert 2ca50 (base 15) to base 2.
100011001011001011
Convert -1120422324 (base 5) to base 6.
-125515145
What is 61280 (base 15) in base 9?
518063
-4013311 (base 5) to base 2
-1111100001011101
-5867b3 (base 14) to base 13
-8170c1
19119 (base 11) to base 12
135a1
What is -2059ce (base 15) in base 14?
-2c0620
-42061 (base 9) to base 15
-8357
Convert -13814a (base 12) to base 7.
-2522500
What is 86038 (base 11) in base 8?
364343
What is 6a588 (base 15) in base 4?
1102231001
718210 (base 9) to base 16
67fb3
Convert -2100313 (base 5) to base 9.
-52236
Convert aa7a0a (base 11) to base 4.
12233200201
What is -6d819a (base 16) in base 10?
-7176602
Convert -4d52d4 (base 14) to base 5.
-1140240002
What is -330041244 (base 5) in base 14?
-289673
102552150 (base 6) to base 10
1818786
1d830 (base 15) to base 4
113201121
2bdafe (base 16) to base 10
2874110
-1223332102 (base 4) to base 2
-1101011111110010010
Convert 102083 (base 16) to base 9.
1880712
-2db480 (base 15) to base 6
-115250420
20440030 (base 5) to base 13
5cc53
What is 9a0ba (base 13) in base 4?
1010022010
1756703 (base 8) to base 6
15014403
-66fb (base 16) to base 3
-1100011102
Convert 140d2 (base 14) to base 8.
140650
Convert -52331201 (base 7) to base 11.
-2543122
-16d51a (base 14) to base 7
-6561633
-26541102 (base 8) to base 6
-331252522
What is 145c31a (base 14) in base 9?
20568078
What is -16688 (base 12) in base 7?
-162335
What is -214804 (base 11) in base 2?
-1010011101111111111
What is 1b51a (base 12) in base 3?
2001112111
What is 498036 (base 14) in base 6?
125554120
Convert -390543 (base 13) to base 3.
-2120200210110
-61b1358 (base 12) to base 15
-19355c5
Convert 11222212010100 (base 3) to base 14.
4d14a7
Convert -2a0505 (base 12) to base 10.
-705749
-31011121323 (base 4) to base 15
-47b476
What is -180120 (base 11) in base 5?
-32401242
1264724 (base 9) to base 16
a90ba
What is 307433 (base 15) in base 16?
2322ea
38022 (base 16) to base 2
111000000000100010
What is -2b5ae (base 15) in base 6?
-2554332
-33202130 (base 4) to base 11
-438a9
29a62 (base 12) to base 10
58538
What is -231001032 (base 4) in base 7?
-1365414
What is -789b8 (base 12) in base 6?
-3234352
What is 1141223031 (base 5) in base 12?
a9295a
What is -334771 (base 8) in base 5?
-12110040
17a572 (base 11) to base 16
43c1c
What is 3605261 (base 7) in base 8?
1571735
-88674 (base 10) to base 9
-144566
What is -242645 (base 8) in base 15?
-19a7a
Convert 2113340334 (base 5) to base 14.
835b92
What is 2001011 (base 4) in base 11?
6230
What is -3770643 (base 8) in base 12?
-42482b
Convert 22212022001201 (base 3) to base 5.
2201210430
-54205 (base 13) to base 5
-14330221
Convert 27073 (base 11) to base 6.
455023
10200000010202 (base 3) to base 9
3600122
-565949 (base 11) to base 12
-37542a
What is -a6e11 (base 15) in base 13?
-157117
162318 (base 9) to base 10
100133
Convert 54667b (base 12) to base 11.
834646
-214230 (base 7) to base 16
-9282
Convert -c5a5 (base 16) to base 14.
-14621
7151 (base 15) to base 2
101110101110110
What is 3046106 (base 7) in base 8?
1310170
What is -1140030 (base 7) in base 9?
-238570
-7723905 (base 10) to base 3
-112112102012120
What is -1000361 (base 7) in base 4?
-130301033
Convert 4299 (base 14) to base 9.
16701
-231031013 (base 4) to base 5
-21411114
-2310213 (base 6) to base 13
-41943
Convert -115 (base 13) to base 5.
-1222
What is 10313541 (base 6) in base 16?
4a905
What is -11111000001101100 (base 2) in base 3?
-20110022211
121001101202002 (base 3) to base 5
4140434241
1191887 (base 10) to base 16
122fcf
What is 203850 (base 11) in base 5?
40431433
Convert -6b6079 (base 14) to base 2.
-1101111111000010101011
What is -41317b (base 16) in base 3?
-22001001210000
What is 19538 (base 11) in base 14?
9d18
What is 151124 (base 6) in base 3?
201220221
Convert -2130157 (base 13) to base 14.
-14b29c7
Convert -23321222132 (base 4) to base 5.
-1244313044
What is -112211211112110 (base 3) in base 6?
-441034020
Convert 2ca332 (base 14) to base 10.
1564712
Convert -3141432 (base 7) to base 15.
-77880
Convert 1110100001010101 (base 2) to base 4.
32201111
Convert -162065 (base 7) to base 11.
-22002
Convert 10001100101011110 (base 2) to base 11.
4a132
What is -124547 (base 11) in base 14?
-51785
Convert 171bc32 (base 14) to base 16.
ad6bb4
Convert c8a743 (base 15) to base 2.
100100011100001111111000
Convert 351b2 (base 14) to base 5.
13114240
What is 115790 (base 11) in base 6?
3532325
Convert 51215345 (base 6) to base 2.
101100101100001010001
-1a23a6 (base 12) to base 3
-212101021200
Convert -4111110 (base 5) to base 14.
-1a2b3
Convert -201434 (base 8) to base 16.
-1031c
-101011000011000011 (base 2) to base 11
-110524
-1b6b0 (base 12) to base 4
-21330210
Convert -2707637 (base 10) to base 4.
-22111002311
What is -1001221021000 (base 3) in base 10?
-569538
Convert -2446a (base 12) to base 5.
-3032132
Convert -14340875 (base 9) to base 3.
-111101100222112
What is -101010011000011110 (base 2) in base 8?
-523036
c00722 (base 13) to base 16
440117
What is 134624 (base 12) in base 6?
10500044
Convert 110110000011100000 (base 2) to base 12.
a8168
What is 7544387 (base 9) in base 16?
3db80e
What is 25a5c (base 13) in base 10?
69874
What is -3021332121 (base 4) in base 2?
-11001001111110011001
What is 1301332 (base 4) in base 7?
30160
Convert 17286 (base 9) to base 4.
2322000
Convert 4314414 (base 5) to base 8.
216625
What is -1d197 (base 16) in base 4?
-131012113
What is -12424010 (base 5) in base 13?
-44370
Convert -2314231 (base 9) to base 5.
-304442241
What is -13188327 (base 9) in base 7?
-106130440
4986616 (base 11) to base 5
4204132220
Convert -362356 (base 7) to base 6.
-1224101
-2121141 (base 5) to base 6
-433420
-94998 (base 11) to base 16
-21c31
Convert -101002210000 (base 4) to base 2.
-10001000010100100000000
-c4b31 (base 14) to base 13
-137a95
What is -13310 (base 15) in base 5?
-3431230
-601767 (base 8) to base 2
-110000001111110111
Convert -1311200213 (base 4) to base 15.
-9792e
What is -85358 (base 9) in base 3?
-2212101222
1407743 (base 10) to base 11
881727
Convert 